 = o**2 - 22*o - 7. Let j(t) = 4*t**2 + 201*t - 133. Let g be j(-51). Determine w(g).
-47
Let g(o) = o**2 - 3*o - 1. Let t be g(4). Let c = 0 - t. Let l(n) = 65*n - 1 - 120*n + 2 + 53*n. Determine l(c).
7
Let q(f) = -f + 2. Let u(y) = -y. Suppose 4*l - 7*l - 6 = 0. Suppose -4*a - 12 = 4*k, 19 = 3*k - 5*a + a. Let w(v) = k*q(v) + l*u(v). Give w(5).
7
Suppose -28 = 17*u - 21*u. Suppose 15 = 4*w + u. Let h(i) = 4*i + 8*i - 14*i - w*i**2 - i**2. Determine h(2).
-16
Suppose 5*l + 24 = 3*j, 0 = -51*l + 55*l - 2*j + 18. Let h(p) = p**2 - 2*p + 1. Give h(l).
16
Let u(z) = 67 - 55 - 4*z**3 - 15*z**3 + 9*z + 7*z**2 + 18*z**3. Calculate u(8).
20
Let a(b) = b**2 + b + 23. Let k = 55 - 40. Suppose -7*h + 48 = -k. Let p be (0 - -1)/(-3) - (-3)/h. Calculate a(p).
23
Suppose -101*z - 296 = -138*z + 111*z. Let r(f) = -5*f**2 - 23*f - 5. Calculate r(z).
7
Let l be 3/(-16) + (-108)/(-576). Let r(x) be the third derivative of 1/60*x**5 + 0*x + 4*x**2 - 1/24*x**4 + 0 + 2/3*x**3. Determine r(l).
4
Let i(s) = 5*s**2 - 7*s + 3. Let w = 66 + -62. Let h(g) = -14*g + 25*g - 4 - w*g - 4*g**2. Let f(d) = 4*h(d) + 3*i(d). Determine f(6).
-1
Let i(o) = -o**2 + 15 - 23493*o + 46984*o - 23483*o. What is i(-4)?
-33
Suppose 3*t - 5 = 2*v, -2*v - 2*t + 10 + 0 = 0. Suppose -13 = i + f - v*f, -9 = -3*f. Let z(o) = 4*o + 4. Determine z(i).
-36
Let u(v) = v**2 - 10*v + 13. Suppose -37*r = -4*b - 42*r + 25, -4*r + 20 = -3*b. Give u(b).
13
Let g(c) = -4*c - 70. Let z = -5264 - -5244. Determine g(z).
10
Let u(g) = -5*g + 39. Let x be (6 - (1 + 0)) + (-588 - -592). Give u(x).
-6
Suppose 0 = 5*f + 4*i - 0*i - 24, 16 = -4*i. Let n be 2/f - (-1240)/160. Let l(s) = s - 7. Determine l(n).
1
Let z(h) = 5*h**2 + 59*h - 4. Let t(a) = -6*a**2 - 66*a + 8. Let c(q) = -8*t(q) - 10*z(q). What is c(-31)?
-24
Let z be (-4)/12 - 20/3. Let w be 2/((1/(-2))/(6/(-12))). Let t(c) = -c**2 + 2*c**w - 7 - 6*c - c - 2*c**2. Give t(z).
-7
Let o(f) = -5*f**3 + f**2 - 2*f + 1. Let b = 45 - 23. Let r = b + -16. Suppose -r*w + 2 = -4*w. Determine o(w).
-5
Let s(b) = 4*b. Let j(p) be the first derivative of -1/2*p**2 - 13 + p. Let g(c) = -2*j(c) - s(c). Give g(2).
-6
Let y(t) = t**2 + 7*t - 114. Let m be y(13). Suppose 11*z + m - 36 = 0. Let l(f) = 2*f + 24. Determine l(z).
4
Let a(z) = z**3 - 6*z**2 + 3*z + 7. Suppose 160 = -10*d + 6*d. Let y = -35 - d. Let s be a(y). Let o(c) = c**3 + 4*c**2 + c - 2. What is o(s)?
4
Let o(i) = -5*i**2 + 0*i + 4 + 3*i + 0*i. Suppose 84*w + 56*w - 420 = 0. What is o(w)?
-32
Let l(g) = 3 + 2*g**2 - 3814*g - 19 + 3785*g. Give l(15).
-1
Let i(s) = 34*s + 40. Let w be i(-11). Let k = -336 - w. Let b(z) = z**2 + 1. Calculate b(k).
5
Let o(x) = -12*x**2 - 12*x + 6. Let g(j) = -5*j - j - 408*j**2 + 3 + 403*j**2. Let z(k) = -7*g(k) + 3*o(k). Calculate z(6).
-3
Let t(k) = -k**3 - 7*k**2 + 9*k + 4. Let v = 64 - 31. Suppose 2*c = v - 3. Let y be -3*5/(c/8). Calculate t(y).
-4
Let y(c) be the first derivative of -c**4/4 + 2*c**3 - 5*c**2/2 + 2*c + 10692. Suppose 5*g + 3*i + i - 4 = 0, g - 3*i - 16 = 0. What is y(g)?
14
Let z(o) = -14514*o - 14517*o + 29026*o - o**2. Suppose 0 = -q - q - a - 4, -4*q - 24 = -2*a. Calculate z(q).
4
Let d = 43 - 48. Let i(c) = c**3 + 6*c**2 + 5*c + 7. Let t be i(d). Let g(j) = -8*j - 9 + 19*j - j**3 - 2*j + 6*j**2. Calculate g(t).
5
Let x(k) = 9 - 12 - k**2 - 9*k + 15. Calculate x(-9).
12
Suppose 0 = -4*c + 5*i + 3, -5*c + 8 = -4*i + 2. Let b(k) = -13 + k - k**3 - k**c - 6*k**3 + 3 + 8*k**3. Let j be 2/(-4) - 4/(-8). What is b(j)?
-10
Let t = -2072 - -2080. Let c(n) = n**2 - 10*n + 20. Determine c(t).
4
Let n(a) = -a**2 + a + 5. Let i be 0/((-6)/4*(-32)/12). Let h be i/((10 + -6)/(3 - 1)). Give n(h).
5
Let u(q) = -q**2 + 8*q + 7. Let w(j) = -j**2 - j - 1. Let k(a) = u(a) - 2*w(a). Let i = 265 - 271. Calculate k(i).
-15
Let l(f) = f**2 + 7*f + 4. Let m(s) = 2*s**2 + 27*s + 10. Let x(a) = 5*l(a) - 2*m(a). Determine x(10).
-90
Let d(u) = -9*u + 1. Suppose -31 = 5*z - 5*a + 49, -a = 2*z + 26. Let f be 152/10 + 2/(-10). Let i = f + z. What is d(i)?
-8
Let c(b) = -b**2 + 2*b. Let n(o) = 16*o - 655. Let y be n(41). Determine c(y).
1
Let i(x) = 6*x**2 + 4*x + 2. Let g(n) = 11*n + 14. Let c be g(-15). Let y = 171 + c. Let s = y - 22. Calculate i(s).
18
Let s(l) = -l**3 - 5*l**2 - l + 4. Suppose 0 = 5*b + 2*o - 12, -2*o = -4*b + 16 + 8. Suppose z - b = 2*j, 7 + 5 = -4*z + j. What is s(z)?
-8
Let z(s) be the first derivative of -3*s**2/2 - 11*s + 153. Let d(b) = -16*b - 58. Let o(l) = -2*d(l) + 11*z(l). What is o(-7)?
2
Let w = 3389 - 3403. Let p(v) = -v**3 - 15*v**2 - 15*v - 10. Calculate p(w).
4
Let f(o) be the first derivative of -o**5/120 + o**4/8 - 8*o**3 - 67. Let c(k) be the third derivative of f(k). Calculate c(5).
-2
Let b(l) = l**2 - 9*l - 20. Suppose 5*f - 4*q = 80, -26*f + 5*q + 73 = -22*f. Calculate b(f).
16
Suppose -4*g + 30 = 2*g. Let l(j) = -j**2 + j + 2. Let n(r) = 4*r**2 + r - 10. Let y(z) = 5*l(z) + n(z). What is y(g)?
5
Let p(x) = x - 3*x + 2 + 3*x. Let d = -28 - -16. Let r(v) = -4*v - 53. Let z be r(d). Give p(z).
-3
Let y(p) = -3*p + 15. Let w be (8120/42)/(-20) + ((-5)/3)/5. Give y(w).
45
Let l(k) = 15*k**2 + 9*k - 78. Let o(j) = 17*j**2 + 11*j - 86. Let g(u) = 7*l(u) - 6*o(u). Calculate g(-3).
6
Let w(o) = 3*o + 2. Suppose 3*q + 18 - 33 = 0. Let j(a) = -6*a - 2. Let i(m) = q*w(m) + 3*j(m). Determine i(-6).
22
Let q(u) be the first derivative of u**5/40 - u**4/24 + u**3/3 + 9*u - 15. Let w(s) be the third derivative of q(s). Calculate w(5).
14
Let q(u) be the first derivative of u**5/60 + 3*u**4/8 + 43*u**3/3 + u**2/2 - 43. Let n(s) be the third derivative of q(s). Calculate n(-8).
-7
Suppose 4*c = 3*c - 5. Let r be (2 - 6)/(6/(-9)). Let d(p) = 2 - 2 - r - 4*p + 0*p**2 - p**2. Give d(c).
-11
Let d(x) be the third derivative of x**6/120 + x**5/3 - 11*x**4/6 - 5*x**3/3 + 59*x**2 + 6*x. Determine d(-22).
-10
Let w(c) = -c + 3*c**2 - 2*c**2 + 17*c + 13 - 14 - 12*c. Suppose 12 + 3 = -5*f. Give w(f).
-4
Let o be (-1)/1*(1 + 2). Let k(t) = -5*t + 36. Let v be k(7). Let p(u) = -u + 4 + v - 10. Calculate p(o).
-2
Let d(o) = 26*o - 20. Suppose -6*t + 412*j = 414*j, -2*t + 34 = -5*j. Calculate d(t).
32
Let p(n) = n**2 - 4*n + 3. Suppose 2*c + 4*f - 36 = 0, -10*c = -7*c + 5*f - 59. Suppose 3*z - c = -11*z. Determine p(z).
-1
Suppose -4*f - 4 = -2*y + 8, -5*y + 19 = f. Let s = y + -5. Let v(w) be the first derivative of -3*w**4/4 + 2*w**3/3 - w - 5095. What is v(s)?
4
Let t be (0 - (-1 + 0)) + 3. Let z(x) = 5*x - 15. Let q be z(t). Let r = q - 5. Let d(h) = h - 3. Calculate d(r).
-3
Let d(j) be the first derivative of -j**5/20 - 7*j**4/12 - 4*j**3/3 + 3*j**2/2 + 40*j + 74. Let n(y) be the first derivative of d(y). Determine n(-6).
15
Suppose 220 = 16*h + 6*h. Suppose -3 = -11*j + h*j. Let u(q) = -q**3 + q**2 + q + 3. What is u(j)?
-12
Let b(o) = 30*o - 78*o**2 + o**3 - 2*o**3 + 89*o**2 + 2773 - 2799. Calculate b(13).
26
Let r(d) be the third derivative of d**4/24 + 23*d**3/3 + 1102*d**2 + d. Give r(-19).
27
Let z(r) = 2*r**2 + r - 1. Let o(n) = -11*n**2 + 2*n + 234. Let d(p) = -o(p) - 5*z(p). Let v(c) be the first derivative of d(c). What is v(-5)?
-17
Let a(q) = q + 2. Let v(n) = -4*n - 4. Let x(r) = 6*a(r) + 2*v(r). Let b be x(4). Let g(d) = d**3 + 6*d**2 + 7*d + 5. Calculate g(b).
9
Let v(o) = -7865*o**2 + o - 13 - 7*o + 7868*o**2 + 2*o. Determine v(-7).
162
Let t(j) = -j**3 + j**2 + 5*j + 7. Suppose 11*v - 332 = -68. Suppose -v*s + 11 = -61. Give t(s).
4
Let f be (1 - 2) + (2 - -24). Suppose -132 = -7*h - 17*h + 18*h. Let r be h - f - (3 - 1). Let i(o) = o**3 + 4*o**2 - 4*o + 3. What is i(r)?
-2
Let t(x) = -1 - 8*x + 30*x - 9*x - 3*x**2 + 2*x**2 - 16*x. Let j(c) = 7*c + 31. Let r be j(-5). Calculate t(r).
-5
Let h(i) = -2*i**3 - 20*i**2 + 30*i + 103. Let j be h(-11). Let q(x) = -x**3 + 14*x**2 + 21*x + 16. Give q(j).
106
Let c(x) = 9*x**3 - x**2 + x. Let q(a) = 55*a**3 - 16*a**2 + 24*a - 15. Let h(i) = 6*c(i) - q(i). Give h(6).
51
Suppose 8 = 4*w - 12. Let g be 12/(-15)*w/2. Let y(z) = 132*z + 39. Let k(a) = 10*a + 3. Let n(s) = 27*k(s) - 2*y(s). Determine n(g).
-9
Let j(d) = d - 16. Let n(h) = -h**3 + h**2 - 20*h + 13. Let m = 632 - 632. Let q be n(m). What is j(q)?
-3
Let t(y) = 8*y - 318. Suppose -d - 4*b + 23 + 45 = 0, 132 = 4*d - 4*b. What is t(d)?
2
L